[INFO] cloning repository https://github.com/robhardwick/apollo
[INFO] running `Command { std: "git" "-c" "credential.helper=" "-c" "credential.helper=/workspace/cargo-home/bin/git-credential-null" "clone" "--bare" "https://github.com/robhardwick/apollo" "/workspace/cache/git-repos/https%3A%2F%2Fgithub.com%2Frobhardwick%2Fapollo", kill_on_drop: false }`
[INFO] [stderr] Cloning into bare repository '/workspace/cache/git-repos/https%3A%2F%2Fgithub.com%2Frobhardwick%2Fapollo'...
[INFO] running `Command { std: "git" "rev-parse" "HEAD", kill_on_drop: false }`
[INFO] [stdout] 3f6cb263d71c17ad76aa47b1dc1a80a460508658
[INFO] checking robhardwick/apollo against master#af3c6e733a40e671550e0f0f5aeecaa13772ba56 for pr-74989
[INFO] running `Command { std: "git" "clone" "/workspace/cache/git-repos/https%3A%2F%2Fgithub.com%2Frobhardwick%2Fapollo" "/workspace/builds/worker-8/source", kill_on_drop: false }`
[INFO] [stderr] Cloning into '/workspace/builds/worker-8/source'...
[INFO] [stderr] done.
[INFO] validating manifest of git repo https://github.com/robhardwick/apollo on toolchain af3c6e733a40e671550e0f0f5aeecaa13772ba56
[INFO] running `Command { std: "/workspace/cargo-home/bin/cargo" "+af3c6e733a40e671550e0f0f5aeecaa13772ba56" "read-manifest" "--manifest-path" "Cargo.toml", kill_on_drop: false }`
[INFO] started tweaking git repo https://github.com/robhardwick/apollo
[INFO] removed path dependency apollo from git repo https://github.com/robhardwick/apollo
[INFO] finished tweaking git repo https://github.com/robhardwick/apollo
[INFO] tweaked toml for git repo https://github.com/robhardwick/apollo written to /workspace/builds/worker-8/source/Cargo.toml
[INFO] crate git repo https://github.com/robhardwick/apollo already has a lockfile, it will not be regenerated
[INFO] running `Command { std: "/workspace/cargo-home/bin/cargo" "+af3c6e733a40e671550e0f0f5aeecaa13772ba56" "fetch" "--locked" "--manifest-path" "Cargo.toml", kill_on_drop: false }`
[INFO] [stderr] warning: dependency (apollo) specified without providing a local path, Git repository, or version to use. This will be considered an error in future versions
[INFO] [stderr]     Updating crates.io index
[INFO] [stderr] error: the lock file /workspace/builds/worker-8/source/Cargo.lock needs to be updated but --locked was passed to prevent this
[INFO] [stderr] If you want to try to generate the lock file without accessing the network, use the --offline flag.
[INFO] the lockfile is outdated, regenerating it
[INFO] running `Command { std: "/workspace/cargo-home/bin/cargo" "+af3c6e733a40e671550e0f0f5aeecaa13772ba56" "generate-lockfile" "--manifest-path" "Cargo.toml" "-Zno-index-update", kill_on_drop: false }`
[INFO] running `Command { std: "/workspace/cargo-home/bin/cargo" "+af3c6e733a40e671550e0f0f5aeecaa13772ba56" "fetch" "--locked" "--manifest-path" "Cargo.toml", kill_on_drop: false }`
[INFO] [stderr] warning: dependency (apollo) specified without providing a local path, Git repository, or version to use. This will be considered an error in future versions
[INFO] running `Command { std: "docker" "create" "-v" "/var/lib/crater-agent-workspace/builds/worker-8/target:/opt/rustwide/target:rw,Z" "-v" "/var/lib/crater-agent-workspace/builds/worker-8/source:/opt/rustwide/workdir:ro,Z" "-v" "/var/lib/crater-agent-workspace/cargo-home:/opt/rustwide/cargo-home:ro,Z" "-v" "/var/lib/crater-agent-workspace/rustup-home:/opt/rustwide/rustup-home:ro,Z" "-e" "SOURCE_DIR=/opt/rustwide/workdir" "-e" "CARGO_TARGET_DIR=/opt/rustwide/target" "-e" "CARGO_HOME=/opt/rustwide/cargo-home" "-e" "RUSTUP_HOME=/opt/rustwide/rustup-home" "-w" "/opt/rustwide/workdir" "-m" "1610612736" "--user" "0:0" "--network" "none" "rustops/crates-build-env@sha256:d92eaeed33fa75130ca1ee6c8a01d1ffb62bac859dfdfb3450e3e5d1c0146529" "/opt/rustwide/cargo-home/bin/cargo" "+af3c6e733a40e671550e0f0f5aeecaa13772ba56" "metadata" "--no-deps" "--format-version=1", kill_on_drop: false }`
[INFO] [stdout] f2b6762472b6f690e12539ceb7f66cbbe54c4f8d169d99748efb021599923eea
[INFO] [stderr] WARNING: Your kernel does not support swap limit capabilities or the cgroup is not mounted. Memory limited without swap.
[INFO] running `Command { std: "docker" "start" "-a" "f2b6762472b6f690e12539ceb7f66cbbe54c4f8d169d99748efb021599923eea", kill_on_drop: false }`
[INFO] running `Command { std: "docker" "inspect" "f2b6762472b6f690e12539ceb7f66cbbe54c4f8d169d99748efb021599923eea", kill_on_drop: false }`
[INFO] running `Command { std: "docker" "rm" "-f" "f2b6762472b6f690e12539ceb7f66cbbe54c4f8d169d99748efb021599923eea", kill_on_drop: false }`
[INFO] [stdout] f2b6762472b6f690e12539ceb7f66cbbe54c4f8d169d99748efb021599923eea
[INFO] running `Command { std: "docker" "create" "-v" "/var/lib/crater-agent-workspace/builds/worker-8/target:/opt/rustwide/target:rw,Z" "-v" "/var/lib/crater-agent-workspace/builds/worker-8/source:/opt/rustwide/workdir:ro,Z" "-v" "/var/lib/crater-agent-workspace/cargo-home:/opt/rustwide/cargo-home:ro,Z" "-v" "/var/lib/crater-agent-workspace/rustup-home:/opt/rustwide/rustup-home:ro,Z" "-e" "SOURCE_DIR=/opt/rustwide/workdir" "-e" "CARGO_TARGET_DIR=/opt/rustwide/target" "-e" "CARGO_INCREMENTAL=0" "-e" "RUST_BACKTRACE=full" "-e" "RUSTFLAGS=--cap-lints=forbid" "-e" "CARGO_HOME=/opt/rustwide/cargo-home" "-e" "RUSTUP_HOME=/opt/rustwide/rustup-home" "-w" "/opt/rustwide/workdir" "-m" "1610612736" "--user" "0:0" "--network" "none" "rustops/crates-build-env@sha256:d92eaeed33fa75130ca1ee6c8a01d1ffb62bac859dfdfb3450e3e5d1c0146529" "/opt/rustwide/cargo-home/bin/cargo" "+af3c6e733a40e671550e0f0f5aeecaa13772ba56" "check" "--frozen" "--all" "--all-targets" "--message-format=json", kill_on_drop: false }`
[INFO] [stdout] 01f6fcf5c9188fd112cac51655ad0b4dfd30647c6ed46ccab16f387602cc18b0
[INFO] [stderr] WARNING: Your kernel does not support swap limit capabilities or the cgroup is not mounted. Memory limited without swap.
[INFO] running `Command { std: "docker" "start" "-a" "01f6fcf5c9188fd112cac51655ad0b4dfd30647c6ed46ccab16f387602cc18b0", kill_on_drop: false }`
[INFO] [stderr] warning: dependency (apollo) specified without providing a local path, Git repository, or version to use. This will be considered an error in future versions
[INFO] [stderr]    Compiling unicode-xid v0.2.1
[INFO] [stderr]    Compiling ryu v1.0.5
[INFO] [stderr]    Compiling bitflags v1.2.1
[INFO] [stderr]     Checking unicode-width v0.1.8
[INFO] [stderr]     Checking lazy_static v1.4.0
[INFO] [stderr]     Checking vec_map v0.8.2
[INFO] [stderr]     Checking itoa v0.4.6
[INFO] [stderr]     Checking ansi_term v0.11.0
[INFO] [stderr]     Checking strsim v0.8.0
[INFO] [stderr]     Checking apollo v0.0.1
[INFO] [stderr]    Compiling miniz_oxide v0.4.2
[INFO] [stderr]    Compiling alsa-sys v0.1.2
[INFO] [stderr]     Checking getrandom v0.1.15
[INFO] [stderr]     Checking atty v0.2.14
[INFO] [stderr]    Compiling proc-macro2 v1.0.21
[INFO] [stderr]     Checking textwrap v0.11.0
[INFO] [stderr]     Checking rand_core v0.5.1
[INFO] [stderr]    Compiling cpal v0.10.0
[INFO] [stderr]     Checking clap v2.33.3
[INFO] [stderr]     Checking rand_chacha v0.2.2
[INFO] [stderr]     Checking serde_json v1.0.57
[INFO] [stderr]    Compiling quote v1.0.7
[INFO] [stderr]     Checking rand v0.7.3
[INFO] [stderr]    Compiling syn v1.0.41
[INFO] [stderr]     Checking backtrace v0.3.50
[INFO] [stderr]    Compiling synstructure v0.12.4
[INFO] [stderr]    Compiling failure_derive v0.1.8
[INFO] [stderr]     Checking failure v0.1.8
[INFO] [stderr]     Checking apollo-cli v0.1.0 (/opt/rustwide/workdir)
[INFO] [stdout] error[E0432]: unresolved import `apollo::Config`
[INFO] [stdout]   --> src/args.rs:16:5
[INFO] [stdout]    |
[INFO] [stdout] 16 | use apollo::Config;
[INFO] [stdout]    |     ^^^^^^^^^^^^^^ no `Config` in the root
[INFO] [stdout] 
[INFO] [stdout] 
[INFO] [stdout] error[E0432]: unresolved imports `apollo::Apollo`, `apollo::Config`
[INFO] [stdout]   --> src/play.rs:12:5
[INFO] [stdout]    |
[INFO] [stdout] 12 |     Apollo,
[INFO] [stdout]    |     ^^^^^^ no `Apollo` in the root
[INFO] [stdout] 13 |     Config,
[INFO] [stdout]    |     ^^^^^^ no `Config` in the root
[INFO] [stdout] 
[INFO] [stdout] 
[INFO] [stdout] error[E0432]: unresolved imports `apollo::Apollo`, `apollo::Config`
[INFO] [stdout]   --> src/record.rs:9:5
[INFO] [stdout]    |
[INFO] [stdout] 9  |     Apollo,
[INFO] [stdout]    |     ^^^^^^ no `Apollo` in the root
[INFO] [stdout] 10 |     Config,
[INFO] [stdout]    |     ^^^^^^ no `Config` in the root
[INFO] [stdout] 
[INFO] [stdout] 
[INFO] [stdout] error[E0432]: unresolved imports `apollo::Apollo`, `apollo::Config`
[INFO] [stdout]  --> src/text.rs:4:5
[INFO] [stdout]   |
[INFO] [stdout] 4 |     Apollo,
[INFO] [stdout]   |     ^^^^^^ no `Apollo` in the root
[INFO] [stdout] 5 |     Config,
[INFO] [stdout]   |     ^^^^^^ no `Config` in the root
[INFO] [stdout] 
[INFO] [stdout] 
[INFO] [stdout] error[E0432]: unresolved import `apollo::Config`
[INFO] [stdout]   --> src/args.rs:16:5
[INFO] [stdout]    |
[INFO] [stdout] 16 | use apollo::Config;
[INFO] [stdout]    |     ^^^^^^^^^^^^^^ no `Config` in the root
[INFO] [stdout] 
[INFO] [stdout] 
[INFO] [stdout] error[E0432]: unresolved imports `apollo::Apollo`, `apollo::Config`
[INFO] [stdout]   --> src/play.rs:12:5
[INFO] [stdout]    |
[INFO] [stdout] 12 |     Apollo,
[INFO] [stdout]    |     ^^^^^^ no `Apollo` in the root
[INFO] [stdout] 13 |     Config,
[INFO] [stdout]    |     ^^^^^^ no `Config` in the root
[INFO] [stdout] 
[INFO] [stdout] 
[INFO] [stdout] error[E0432]: unresolved imports `apollo::Apollo`, `apollo::Config`
[INFO] [stdout]   --> src/record.rs:9:5
[INFO] [stdout]    |
[INFO] [stdout] 9  |     Apollo,
[INFO] [stdout]    |     ^^^^^^ no `Apollo` in the root
[INFO] [stdout] 10 |     Config,
[INFO] [stdout]    |     ^^^^^^ no `Config` in the root
[INFO] [stdout] 
[INFO] [stdout] 
[INFO] [stdout] error[E0432]: unresolved imports `apollo::Apollo`, `apollo::Config`
[INFO] [stdout]  --> src/text.rs:4:5
[INFO] [stdout]   |
[INFO] [stdout] 4 |     Apollo,
[INFO] [stdout]   |     ^^^^^^ no `Apollo` in the root
[INFO] [stdout] 5 |     Config,
[INFO] [stdout]   |     ^^^^^^ no `Config` in the root
[INFO] [stdout] 
[INFO] [stdout] 
[INFO] [stdout] error: aborting due to 4 previous errors
[INFO] [stdout] 
[INFO] [stdout] 
[INFO] [stdout] For more information about this error, try `rustc --explain E0432`.
[INFO] [stdout] 
[INFO] [stderr] error: could not compile `apollo-cli`.
[INFO] [stderr] 
[INFO] [stderr] To learn more, run the command again with --verbose.
[INFO] [stderr] warning: build failed, waiting for other jobs to finish...
[INFO] [stdout] error: aborting due to 4 previous errors
[INFO] [stdout] 
[INFO] [stdout] 
[INFO] [stdout] For more information about this error, try `rustc --explain E0432`.
[INFO] [stdout] 
[INFO] [stderr] error: build failed
[INFO] running `Command { std: "docker" "inspect" "01f6fcf5c9188fd112cac51655ad0b4dfd30647c6ed46ccab16f387602cc18b0", kill_on_drop: false }`
[INFO] running `Command { std: "docker" "rm" "-f" "01f6fcf5c9188fd112cac51655ad0b4dfd30647c6ed46ccab16f387602cc18b0", kill_on_drop: false }`
[INFO] [stdout] 01f6fcf5c9188fd112cac51655ad0b4dfd30647c6ed46ccab16f387602cc18b0
